2 is divided by 148.
16
What is the remainder when 223 is divided by 21?
13
What is the remainder when 61 is divided by 31?
30
What is the remainder when 319 is divided by 315?
4
What is the remainder when 172 is divided by 27?
10
What is the remainder when 46 is divided by 12?
10
Calculate the remainder when 31 is divided by 21.
10
Calculate the remainder when 2678 is divided by 206.
0
What is the remainder when 1031 is divided by 45?
41
Calculate the remainder when 21029 is divided by 44.
41
What is the remainder when 505 is divided by 54?
19
What is the remainder when 1774 is divided by 25?
24
What is the remainder when 257 is divided by 108?
41
What is the remainder when 145 is divided by 44?
13
What is the remainder when 118 is divided by 60?
58
Calculate the remainder when 220 is divided by 37.
35
What is the remainder when 244 is divided by 42?
34
What is the remainder when 568 is divided by 10?
8
Calculate the remainder when 368 is divided by 37.
35
What is the remainder when 1020 is divided by 92?
8
What is the remainder when 762 is divided by 7?
6
What is the remainder when 494 is divided by 30?
14
What is the remainder when 836 is divided by 15?
11
What is the remainder when 6455 is divided by 12?
11
Calculate the remainder when 740 is divided by 53.
51
What is the remainder when 1150 is divided by 105?
100
What is the remainder when 182 is divided by 109?
73
What is the remainder when 178 is divided by 61?
56
What is the remainder when 1460 is divided by 374?
338
Calculate the remainder when 8081 is divided by 49.
45
What is the remainder when 1169 is divided by 168?
161
What is the remainder when 391 is divided by 123?
22
What is the remainder when 13768 is divided by 17?
15
What is the remainder when 94 is divided by 47?
0
What is the remainder when 746 is divided by 245?
11
Calculate the remainder when 49 is divided by 5.
4
Calculate the remainder when 162 is divided by 24.
18
Calculate the remainder when 231 is divided by 29.
28
What is the remainder when 1241 is divided by 396?
53
What is the remainder when 402 is divided by 21?
3
What is the remainder when 37 is divided by 11?
4
What is the remainder when 119 is divided by 30?
29
Calculate the remainder when 143 is divided by 52.
39
What is the remainder when 1283 is divided by 213?
5
Calculate the remainder when 34396 is divided by 10.
6
What is the remainder when 3011 is divided by 201?
197
What is the remainder when 254 is divided by 15?
14
What is the remainder when 71 is divided by 11?
5
Calculate the remainder when 487 is divided by 10.
7
Calculate the remainder when 1507 is divided by 101.
93
Calculate the remainder when 593 is divided by 135.
53
Calculate the remainder when 2241 is divided by 32.
1
Calculate the remainder when 281 is divided by 63.
29
What is the remainder when 830 is divided by 164?
10
Calculate the remainder when 446 is divided by 30.
26
What is the remainder when 59 is divided by 30?
29
Calculate the remainder when 133 is divided by 17.
14
Calculate the remainder when 1278 is divided by 160.
158
Calculate the remainder when 129 is divided by 10.
9
What is the remainder when 2142 is divided by 67?
65
What is the remainder when 834 is divided by 82?
14
What is the remainder when 306 is divided by 22?
20
Calculate the remainder when 1572 is divided by 36.
24
Calculate the remainder when 92 is divided by 49.
43
Calculate the remainder when 160 is divided by 148.
12
What is the remainder when 1507 is divided by 5?
2
Calculate the remainder when 50 is divided by 7.
1
What is the remainder when 21631 is divided by 52?
51
Calculate the remainder when 228 is divided by 10.
8
What is the remainder when 1547 is divided by 755?
37
Calculate the remainder when 2377 is divided by 114.
97
What is the remainder when 4106 is divided by 111?
110
What is the remainder when 150 is divided by 14?
10
What is the remainder when 42 is divided by 14?
0
Calculate the remainder when 3490 is divided by 73.
59
Calculate the remainder when 372 is divided by 78.
60
What is the remainder when 75 is divided by 29?
17
What is the remainder when 967 is divided by 57?
55
What is the remainder when 31 is divided by 8?
7
Calculate the remainder when 46 is divided by 8.
6
What is the remainder when 129 is divided by 19?
15
What is the remainder when 85 is divided by 63?
22
Calculate the remainder when 233 is divided by 47.
45
Calculate the remainder when 165 is divided by 14.
11
Calculate the remainder when 1662 is divided by 128.
126
Calculate the remainder when 7149 is divided by 13.
12
What is the remainder when 1861 is divided by 27?
25
Calculate the remainder when 346 is divided by 18.
4
Calculate the remainder when 1562 is divided by 46.
44
Calculate the remainder when 1943 is divided by 137.
25
Calculate the remainder when 627 is divided by 79.
74
What is the remainder when 110 is divided by 27?
2
What is the remainder when 1052 is divided by 27?
26
Calculate the remainder when 386 is divided by 26.
22
What is the remainder when 6180 is divided by 310?
290
What is the remainder when 248 is divided by 74?
26
Calculate the remainder when 530 is divided by 133.
131
Calculate the remainder when 3500 is divided by 29.
20
What is the remainder when 163 is divided by 71?
21
What is the remainder when 4335 is divided by 332?
19
What is the remainder when 1692 is divided by 1669?
23
Calculate the remainder when 3247 is divided by 125.
122
Calculate the remainder when 1977 is divided by 331.
322
What is the remainder when 20 is divided by 10?
0
Calculate the remainder when 13536 is divided by 4.
0
Calculate the remainder when 927 is divided by 66.
3
What is the remainder when 436 is divided by 192?
52
What is the remainder when 1302 is divided by 29?
26
Calculate the remainder when 294 is divided by 27.
24
What is the remainder when 489 is divided by 12?
9
Calculate the remainder when 1151 is divided by 96.
95
Calculate the remainder when 15229 is divided by 56.
53
Calculate the remainder when 873 is divided by 46.
45
What is the remainder when 147 is divided by 37?
36
Calculate the remainder when 1789 is divided by 164.
149
Calculate the remainder when 337 is divided by 85.
82
What is the remainder when 3832 is divided by 59?
56
What is the remainder when 104 is divided by 11?
5
What is the remainder when 615 is divided by 156?
147
Calculate the remainder when 1048 is divided by 132.
124
What is the remainder when 250 is divided by 51?
46
Calculate the remainder when 1382 is divided by 124.
18
What is the remainder when 769 is divided by 86?
81
What is the remainder when 124 is divided by 20?
4
What is the remainder when 200 is divided by 45?
20
Calculate the remainder when 102 is divided by 8.
6
Calculate the remainder when 249 is divided by 28.
25
Calculate the remainder when 961 is divided by 373.
215
Calculate the remainder when 39 is divided by 17.
5
What is the remainder when 364 is divided by 23?
19
Calculate the remainder when 705 is divided by 695.
10
Calculate the remainder when 418 is divided by 10.
8
Calculate the remainder when 3522 is divided by 54.
12
Calculate the remainder when 3736 is divided by 1245.
1
Calculate the remainder when 4490 is divided by 346.
338
Calculate the remainder when 740 is divided by 155.
120
What is the remainder when 748 is divided by 36?
28
What is the remainder when 701 is divided by 21?
8
What is the remainder when 10043 is divided by 17?
13
Calculate the remainder when 339 is divided by 55.
9
Calculate the remainder when 204 is divided by 15.
9
Calculate the remainder when 3055 is divided by 153.
148
Calculate the remainder when 3895 is divided by 25.
20
Calculate the remainder when 110 is divided by 39.
32
Calculate the remainder when 2834 is divided by 189.
188
Calculate the remainder when 281 is divided by 271.
10
Calculate the remainder when 51 is divided by 22.
7
What is the remainder when 399 is divided by 110?
69
Calculate the remainder when 471 is divided by 92.
11
What is the remainder when 818 is divided by 39?
38
What is the remainder when 3958 is divided by 36?
34
Calculate the remainder when 627 is divided by 18.
15
Calculate the remainder when 4755 is divided by 58.
57
Calculate the remainder when 125 is divided by 26.
21
Ca